t is the hundreds digit of n?
0
Let a(b) = 9*b**2 - 12*b - 185. What is the units digit of a(-14)?
7
Let w be (-26)/3*(-9)/6. Suppose 2*q - 53 = -w. Let s = q + -12. What is the units digit of s?
8
Suppose -3*r - 45 = -2610. What is the tens digit of r?
5
Let r(u) = -u**2 + 8*u + 20. Let q be r(10). Suppose q = x + 5*p - 199, 3*p + 351 = 4*x - 353. What is the hundreds digit of x?
1
Suppose 9*m - 7427 = -1919. What is the hundreds digit of m?
6
What is the units digit of (-8 + 344/24)*(2 + 121)?
9
Suppose m = 653 + 802. What is the tens digit of m?
5
Let u = -67 - -26. Let y = 93 + u. Suppose 59 = 4*c - 5*x, -y = -2*c - 0*c - 2*x. What is the units digit of c?
1
Let s = 548 + -251. What is the hundreds digit of s?
2
Let o(y) = y**2 - 6*y + 4. Let c be o(6). Suppose -c*h - 2 = -3*h. What is the tens digit of (h/(-6))/((-1)/(-42))?
1
Let k(b) = -b**2 - b + 2. Let q be k(-2). Suppose q = 3*w - 8 - 4. Suppose -w*o + 67 = -73. What is the units digit of o?
5
Let p = -18 - -24. Suppose -p*a = -4*a - 78. What is the tens digit of a?
3
Suppose 4*f - 7*f + 4*i + 5718 = 0, 0 = -4*f + i + 7624. What is the thousands digit of f?
1
Let v(x) = x**2 - 17*x + 27. Let n be v(20). Suppose n = 4*z - 109. What is the units digit of z?
9
Let n = 98 + 13. Suppose -c - 8 = -n. What is the tens digit of c?
0
Suppose x = -0*x + 5. Let p(c) = c**3 + 7*c**2 - 12*c - 3. Let y be p(-8). Suppose y + 1 = x*q. What is the units digit of q?
6
Let z(t) = t**3 + 3*t**2 - 4*t + 2. Let a be z(-4). Suppose 11 = a*w - 7. Let j = w + 45. What is the tens digit of j?
5
Let j(q) = -q**3 - 6*q**2 - 6*q - 5. Let d be j(-5). Suppose d = 3*w + 3 - 18. Suppose -f + 80 + 23 = 5*y, 5*f - 115 = -w*y. What is the units digit of y?
0
Suppose 0 = 3*n, 20 = 3*y + 2*y + 4*n. Suppose -6*v = -4*b - y*v + 260, -5*b + v + 325 = 0. What is the units digit of b?
5
Suppose -2*z - 13 = -7*z + 4*h, -2*z + 3*h + 1 = 0. Suppose -80 = -z*u - 2*v - 0*v, -26 = -2*u - 2*v. Suppose -f + u = -6. What is the units digit of f?
4
Let v(l) be the first derivative of l**3/3 + l**2 + 4*l + 3. Let h be v(-2). What is the tens digit of (-176)/(-12) + h/(-6)?
1
Let o(z) = 14*z - z**2 - 3*z - 11 - 3*z + 5*z. Let q be 32/5 - (-4)/(-10). What is the units digit of o(q)?
1
Let t be (2/(-4))/(8/(-160)). Suppose t*d - 248 = 452. What is the units digit of d?
0
Let i(u) = -u**2 + 35*u + 196. What is the hundreds digit of i(28)?
3
Suppose 0 = 2*t + t + c + 7, 4*c + 13 = 3*t. Let u be (0*(-4)/(-12))/t. Suppose -2*k + 16 = -3*f, 3*k - 22 = 4*f - u*f. What is the units digit of k?
2
Suppose 4*b - 8 = 0, -2*x + 0*b - 5*b + 2764 = 0. What is the thousands digit of x?
1
Let g = 42 - 20. Suppose -3*r + g + 80 = 0. Suppose -11 - r = -u. What is the tens digit of u?
4
Suppose 52*v - 54*v + 3743 = 3*m, 2*m - 2*v = 2512. What is the hundreds digit of m?
2
Suppose 0 = -13*y + 5712 + 32885. What is the tens digit of y?
6
Suppose 35*j - 31*j = -16. What is the tens digit of (-6)/24 - 585/j?
4
Suppose 7*s = 3*s + 496. Suppose f - 5*f = s. Let g = f + 56. What is the tens digit of g?
2
Let l be -18*3/(-6)*(-8)/(-6). Suppose i + 0*i = q - 20, l = 3*i. What is the units digit of q?
4
Let b(u) = 12*u - 35. Let v be b(14). Let r = 189 - v. What is the tens digit of r?
5
Let z(i) = 2*i**2 + 44*i - 2. What is the tens digit of z(-23)?
4
Suppose -32*m + 40 = -36*m. Let z(l) = -8*l - 18. What is the units digit of z(m)?
2
Suppose 0 = -19*x + 15*x + 16. Suppose 5*p + 5*d - 45 - 75 = 0, -x*p = -d - 116. What is the tens digit of p?
2
Let u = -1190 + 2031. What is the hundreds digit of u?
8
Suppose n + 5*x = 24, 2*n + 3*n - 5*x = 0. Suppose -21 = n*a + 215. Let h = a - -89. What is the tens digit of h?
3
Let n be 497/2 + (-13)/26. Let h be (n/(-6))/((-14)/21). Let l = 126 - h. What is the tens digit of l?
6
Suppose 11*u = -4*b + 8*u + 10486, -5*b = 5*u - 13105. What is the tens digit of b?
2
Suppose 66*q - 26*q = 17160. What is the tens digit of q?
2
Suppose -54*z + 63*z - 16974 = 0. What is the tens digit of z?
8
Let q = 48 - 31. Suppose 16*c - q*c + 80 = 0. What is the tens digit of c?
8
Suppose 2*k - 6 = 4*y, y = -k + 2*y + 4. Suppose -3*s - 91 = -k*s + 5*u, 0 = -3*s - 4*u + 194. What is the tens digit of s?
5
Suppose -o - 7*o = 64. Let w(m) be the third derivative of m**5/60 + m**4/6 - m**3 + m**2. What is the units digit of w(o)?
6
Let j(i) = i**2 + 5*i - 14. Let h be j(-6). Let c(r) = r**3 + 10*r**2 + 4*r + 8. Let o be c(h). Let v = -72 + o. What is the tens digit of v?
3
Let u(q) be the third derivative of q**5/60 + q**4/2 + 7*q**3/3 - 4*q**2. What is the units digit of u(-13)?
7
Let b(r) = -84*r + 9. Let t be b(2). Let z = 266 + t. What is the tens digit of z?
0
Let l = -754 - -1880. What is the hundreds digit of l?
1
Let k(t) = -69*t**3 + 15*t**2 + 58*t + 19. What is the thousands digit of k(-4)?
4
Let x be 1/(10/(-25))*-34. Suppose -2*n - 3*n + x = 0. What is the tens digit of n?
1
Let o(h) = -22*h**3 + 3*h**2 + 2*h + 1. Let p be o(-3). What is the units digit of p/16 - 1/(-2)?
9
Let u = -53 + 456. Suppose 2*w - u = -3*j, 0*j - 841 = -4*w + j. What is the tens digit of w?
0
Let o be (81/(-6))/((-2)/(-20)). What is the units digit of o/(-21) + 16/28?
7
Let q(k) = 47*k + 2. Suppose 12*x = 10*x + 2. What is the units digit of q(x)?
9
Let x(w) = 2*w - 12 + 14 + 8*w**2 - 6*w. What is the units digit of x(3)?
2
Let t = 2562 + -1369. What is the hundreds digit of t?
1
Suppose -20262 = -29*w + 3344. What is the hundreds digit of w?
8
Suppose 0 = 2*w - 10*w + 9504. Suppose -6*f + w = 5*f. What is the hundreds digit of f?
1
Let t = 183 - 361. Let d = -135 - t. What is the tens digit of d?
4
Suppose l + 8 = -2*d + 5*l, -2*l = 4*d - 4. Suppose 3*j = a - 8, 3*a = -5*j + 7 + 3. Suppose a*q = -d*q + 45. What is the units digit of q?
9
Let f = 1 - -2. Suppose f*s - 15 = -2*s. Suppose 12 + s = 3*k. What is the units digit of k?
5
Let i(a) = 28*a**2 - 9*a - 24. What is the units digit of i(-2)?
6
Let b(d) = -d**2 + 20*d - 29. What is the tens digit of b(10)?
7
Let j(x) = x**3 + 11*x**2 + 2*x + 30. Suppose -3*q + 3*t = 24, 5*q + 54 = 6*t - 8*t. What is the tens digit of j(q)?
1
Suppose 4*m = -m + 10. Let s(d) = 4*d - 4 + 0*d + 8*d**m - 3*d + 3*d + d**3. What is the tens digit of s(-7)?
1
Let a be -63*(-4)/6 - -2. Suppose -a = -5*x + 3*y, 4*y - 10 = -3*x - 1. What is the units digit of x?
7
Let k be (-2)/2*0/(4/(-1)). Suppose 6*b - 80 - 52 = k. What is the tens digit of b?
2
Let v(n) = 9*n**2 + 18*n - 7. Let h = -12 - -7. What is the units digit of v(h)?
8
Let b(g) = g**3 - 14*g**2 + g + 31. Suppose 5*z - 65 = 5. What is the tens digit of b(z)?
4
Suppose -142 = -9*l + 6950. What is the units digit of l?
8
Let q(d) = -108*d + 107. What is the units digit of q(-4)?
9
Let a = -528 - -1036. Let o = a - 339. What is the hundreds digit of o?
1
Suppose 0 = -3*l - 5*p - 72, 0*l + 4*l - 4*p = -128. Let s = l + 53. What is the units digit of s?
4
Suppose 5*f - 2*f = 9. Suppose -f*p = 3, q + 2*p - 23 - 52 = 0. What is the tens digit of q?
7
Suppose 2651 = 3*v - 1603. What is the units digit of v?
8
What is the hundreds digit of ((-7878)/8)/((-33)/88)?
6
Let j(g) = g**2 - 12*g + 22. Let n be j(10). Let o(v) = v**2 + 9*v - 6. Let k be o(-12). Suppose 64 + k = n*y. What is the tens digit of y?
4
Let c(n) = -3*n + 34. Let t(p) = 10*p - 101. Let o(s) = 8*c(s) + 3*t(s). What is the hundreds digit of o(24)?
1
Suppose 4*l + 7 = -z - 36, l + z + 7 = 0. Let u = 56 - l. What is the units digit of u?
8
Let z be -13*(468/(-21) + 6/21). What is the units digit of (z/(-5))/(2/(-5))?
3
What is the units digit of (3132 - (-16)/(-2)) + -8?
6
Let k(s) = -s**2 + 6*s + 2. Let i be k(6). Suppose 0 = v - 3 - i. Suppose 0 = 4*n + 2*q + 5 - 47, v*n = 2*q + 30. What is the units digit of n?
8
Suppose 9*y = 5*y - 2*h - 36, -4*h = 4*y + 40. What is the hundreds digit of 0 + 1 - 18*y?
1
Suppose 3*k - 3 = -3*d, 0*k - 4*d - 1 = 3*k. Suppose t - 67 = 2*c - 19, 255 = k*t - 5*c. What is the tens digit of t?
5
Let z(u) = -3 + 3*u - 2*u - 2*u. Let i be z(-9). Suppose c - 5*d = 43, 4*c = i*c + 2*d - 26. What is the units digit of c?
8
Suppose 0 = 69*f - 54*f - 14865. What is the hundreds digit of f?
9
Let u(o) = -o**3 - 6*o**2 - 7*o - 6. Let z = 4 + -8. Let f be u(z). What is the units digit of (2/3)/(f/(-345